{"id":3,"date":"2024-07-08T10:32:37","date_gmt":"2024-07-08T10:32:37","guid":{"rendered":"https:\/\/www.anrf-rugby.fr\/?page_id=3"},"modified":"2024-12-10T20:08:47","modified_gmt":"2024-12-10T18:08:47","slug":"privacy-policy","status":"publish","type":"page","link":"https:\/\/www.anrf-rugby.fr\/index.php\/privacy-policy\/","title":{"rendered":"Mentions l\u00e9gales"},"content":{"rendered":"\t\t<div data-elementor-type=\"wp-page\" data-elementor-id=\"3\" class=\"elementor elementor-3\" data-elementor-post-type=\"page\">\n\t\t\t\t<div class=\"elementor-element elementor-element-5008b96b e-flex e-con-boxed e-con e-parent\" data-id=\"5008b96b\" data-element_type=\"container\" data-e-type=\"container\">\n\t\t\t\t\t<div class=\"e-con-inner\">\n\t\t\t\t<div class=\"elementor-element elementor-element-bdb79ad elementor-widget elementor-widget-heading\" data-id=\"bdb79ad\" data-element_type=\"widget\" data-e-type=\"widget\" data-widget_type=\"heading.default\">\n\t\t\t\t<div class=\"elementor-widget-container\">\n\t\t\t\t\t<h1 class=\"elementor-heading-title elementor-size-default\">Mention l\u00e9gales<\/h1>\t\t\t\t<\/div>\n\t\t\t\t<\/div>\n\t\t\t\t<div class=\"elementor-element elementor-element-6dd57ae elementor-widget elementor-widget-text-editor\" data-id=\"6dd57ae\" data-element_type=\"widget\" data-e-type=\"widget\" data-widget_type=\"text-editor.default\">\n\t\t\t\t<div class=\"elementor-widget-container\">\n\t\t\t\t\t\t\t\t\t<p><span style=\"font-weight: 400;\">Conform\u00e9ment aux dispositions de la loi n\u00b0 2004-575 du 21 juin 2004 pour la confiance en l&rsquo;\u00e9conomie num\u00e9rique, il est pr\u00e9cis\u00e9 aux utilisateurs du site ANRF l&rsquo;identit\u00e9 des diff\u00e9rents intervenants dans le cadre de sa r\u00e9alisation et de son suivi.<\/span><\/p>\t\t\t\t\t\t\t\t<\/div>\n\t\t\t\t<\/div>\n\t\t\t\t<div class=\"elementor-element elementor-element-fc0e887 elementor-widget elementor-widget-heading\" data-id=\"fc0e887\" data-element_type=\"widget\" data-e-type=\"widget\" data-widget_type=\"heading.default\">\n\t\t\t\t<div class=\"elementor-widget-container\">\n\t\t\t\t\t<h2 class=\"elementor-heading-title elementor-size-default\">Edition du site <\/h2>\t\t\t\t<\/div>\n\t\t\t\t<\/div>\n\t\t\t\t<div class=\"elementor-element elementor-element-f21815f elementor-widget elementor-widget-text-editor\" data-id=\"f21815f\" data-element_type=\"widget\" data-e-type=\"widget\" data-widget_type=\"text-editor.default\">\n\t\t\t\t<div class=\"elementor-widget-container\">\n\t\t\t\t\t\t\t\t\t<p><span style=\"font-weight: 400;\">Le pr\u00e9sent site, accessible \u00e0 l\u2019URL www.anrf-rugby.fr (le \u00ab Site \u00bb), est \u00e9dit\u00e9 par :<\/span><\/p>\n<p><span style=\"font-weight: 400;\"><br \/><\/span><span style=\"font-weight: 400;\">L\u2019association Association Nantaise de Rugby F\u00e9minin, enregistr\u00e9e aupr\u00e8s de la pr\u00e9fecture\/sous-pr\u00e9fecture de 44 &#8211; Pr\u00e9fecture Nantes sous le num\u00e9ro W, ayant son si\u00e8ge situ\u00e9 \u00e0 14 rue de la Duranti\u00e8re &#8211; 44100 Nantes, repr\u00e9sent\u00e9e par Marylis Audran d\u00fbment habilit\u00e9(e)<\/span><\/p>\t\t\t\t\t\t\t\t<\/div>\n\t\t\t\t<\/div>\n\t\t\t\t<div class=\"elementor-element elementor-element-7d6d602 elementor-widget elementor-widget-heading\" data-id=\"7d6d602\" data-element_type=\"widget\" data-e-type=\"widget\" data-widget_type=\"heading.default\">\n\t\t\t\t<div class=\"elementor-widget-container\">\n\t\t\t\t\t<h2 class=\"elementor-heading-title elementor-size-default\">H\u00e9bergement<\/h2>\t\t\t\t<\/div>\n\t\t\t\t<\/div>\n\t\t\t\t<div class=\"elementor-element elementor-element-131bf76 elementor-widget elementor-widget-text-editor\" data-id=\"131bf76\" data-element_type=\"widget\" data-e-type=\"widget\" data-widget_type=\"text-editor.default\">\n\t\t\t\t<div class=\"elementor-widget-container\">\n\t\t\t\t\t\t\t\t\t<p><span style=\"font-weight: 400;\">Le Site est h\u00e9berg\u00e9 par la soci\u00e9t\u00e9 OVH, situ\u00e9 2 rue Kellermann &#8211; BP 80157 &#8211; 59053 Roubaix Cedex 1, (contact t\u00e9l\u00e9phonique ou email : 1007).<\/span><\/p>\t\t\t\t\t\t\t\t<\/div>\n\t\t\t\t<\/div>\n\t\t\t\t<div class=\"elementor-element elementor-element-dc21b4e elementor-widget elementor-widget-heading\" data-id=\"dc21b4e\" data-element_type=\"widget\" data-e-type=\"widget\" data-widget_type=\"heading.default\">\n\t\t\t\t<div class=\"elementor-widget-container\">\n\t\t\t\t\t<h2 class=\"elementor-heading-title elementor-size-default\">Nous contacter<\/h2>\t\t\t\t<\/div>\n\t\t\t\t<\/div>\n\t\t\t\t<div class=\"elementor-element elementor-element-74c53aa elementor-widget elementor-widget-text-editor\" data-id=\"74c53aa\" data-element_type=\"widget\" data-e-type=\"widget\" data-widget_type=\"text-editor.default\">\n\t\t\t\t<div class=\"elementor-widget-container\">\n\t\t\t\t\t\t\t\t\t<p><span style=\"font-weight: 400;\">Par t\u00e9l\u00e9phone : +33689546427<\/span><\/p><p><span style=\"font-weight: 400;\">Par email\u00a0: secretariat@anrf-rugby.fr<\/span><\/p><p><span style=\"font-weight: 400;\">Par courrier\u00a0: 14 rue de la Duranti\u00e8re &#8211; 44100 Nantes<\/span><\/p>\t\t\t\t\t\t\t\t<\/div>\n\t\t\t\t<\/div>\n\t\t\t\t<div class=\"elementor-element elementor-element-3c9b331 elementor-widget elementor-widget-heading\" data-id=\"3c9b331\" data-element_type=\"widget\" data-e-type=\"widget\" data-widget_type=\"heading.default\">\n\t\t\t\t<div class=\"elementor-widget-container\">\n\t\t\t\t\t<h2 class=\"elementor-heading-title elementor-size-default\">Donn\u00e9es personnelles\n<\/h2>\t\t\t\t<\/div>\n\t\t\t\t<\/div>\n\t\t\t\t<div class=\"elementor-element elementor-element-0ef363f elementor-widget elementor-widget-text-editor\" data-id=\"0ef363f\" data-element_type=\"widget\" data-e-type=\"widget\" data-widget_type=\"text-editor.default\">\n\t\t\t\t<div class=\"elementor-widget-container\">\n\t\t\t\t\t\t\t\t\t<p><span style=\"font-weight: 400;\">Le traitement de vos donn\u00e9es \u00e0 caract\u00e8re personnel est r\u00e9gi par notre Charte du respect de la vie priv\u00e9e, disponible depuis la section \u00ab\u00a0Charte de Protection des Donn\u00e9es Personnelles\u00a0\u00bb, conform\u00e9ment au R\u00e8glement G\u00e9n\u00e9ral sur la Protection des Donn\u00e9es 2016\/679 du 27 avril 2016 (\u00abRGPD\u00bb).<\/span><\/p>\n<p><br \/><span style=\"font-weight: 400;\">G\u00e9n\u00e9ration des mentions l\u00e9gales par <\/span><a href=\"https:\/\/www.legalstart.fr\/\"><span style=\"font-weight: 400;\">Legalstart.fr<\/span><\/a><span style=\"font-weight: 400;\">.<\/span>s<\/p>\t\t\t\t\t\t\t\t<\/div>\n\t\t\t\t<\/div>\n\t\t\t\t\t<\/div>\n\t\t\t\t<\/div>\n\t\t\t\t<\/div>\n\t\t","protected":false},"excerpt":{"rendered":"<p>Mention l\u00e9gales Conform\u00e9ment aux dispositions de la loi n\u00b0 2004-575 du 21 juin 2004 pour la confiance en l&rsquo;\u00e9conomie num\u00e9rique, il est pr\u00e9cis\u00e9 aux utilisateurs du site ANRF l&rsquo;identit\u00e9 des diff\u00e9rents intervenants dans le cadre de sa r\u00e9alisation et de son suivi. Edition du site Le pr\u00e9sent site, accessible \u00e0 l\u2019URL www.anrf-rugby.fr (le \u00ab Site [&hellip;]<\/p>\n","protected":false},"author":1,"featured_media":0,"parent":0,"menu_order":0,"comment_status":"closed","ping_status":"open","template":"elementor_header_footer","meta":{"footnotes":""},"folder":[],"class_list":["post-3","page","type-page","status-publish","hentry"],"yoast_head":"<!-- This site is optimized with the Yoast SEO plugin v27.4 - https:\/\/yoast.com\/product\/yoast-seo-wordpress\/ -->\n<title>Mentions l\u00e9gales - ANRF - Association Nantaise de Rugby F\u00e9minin<\/title>\n<meta name=\"robots\" content=\"index, follow, max-snippet:-1, max-image-preview:large, max-video-preview:-1\" \/>\n<link rel=\"canonical\" href=\"https:\/\/www.anrf-rugby.fr\/index.php\/privacy-policy\/\" \/>\n<meta property=\"og:locale\" content=\"fr_FR\" \/>\n<meta property=\"og:type\" content=\"article\" \/>\n<meta property=\"og:title\" content=\"Mentions l\u00e9gales - ANRF - Association Nantaise de Rugby F\u00e9minin\" \/>\n<meta property=\"og:description\" content=\"Mention l\u00e9gales Conform\u00e9ment aux dispositions de la loi n\u00b0 2004-575 du 21 juin 2004 pour la confiance en l&rsquo;\u00e9conomie num\u00e9rique, il est pr\u00e9cis\u00e9 aux utilisateurs du site ANRF l&rsquo;identit\u00e9 des diff\u00e9rents intervenants dans le cadre de sa r\u00e9alisation et de son suivi. Edition du site Le pr\u00e9sent site, accessible \u00e0 l\u2019URL www.anrf-rugby.fr (le \u00ab Site [&hellip;]\" \/>\n<meta property=\"og:url\" content=\"https:\/\/www.anrf-rugby.fr\/index.php\/privacy-policy\/\" \/>\n<meta property=\"og:site_name\" content=\"ANRF - Association Nantaise de Rugby F\u00e9minin\" \/>\n<meta property=\"article:publisher\" content=\"https:\/\/www.facebook.com\/ANRF44\" \/>\n<meta property=\"article:modified_time\" content=\"2024-12-10T18:08:47+00:00\" \/>\n<meta name=\"twitter:card\" content=\"summary_large_image\" \/>\n<meta name=\"twitter:label1\" content=\"Dur\u00e9e de lecture estim\u00e9e\" \/>\n\t<meta name=\"twitter:data1\" content=\"1 minute\" \/>\n<script type=\"application\/ld+json\" class=\"yoast-schema-graph\">{\"@context\":\"https:\\\/\\\/schema.org\",\"@graph\":[{\"@type\":\"WebPage\",\"@id\":\"https:\\\/\\\/www.anrf-rugby.fr\\\/index.php\\\/privacy-policy\\\/\",\"url\":\"https:\\\/\\\/www.anrf-rugby.fr\\\/index.php\\\/privacy-policy\\\/\",\"name\":\"Mentions l\u00e9gales - ANRF - Association Nantaise de Rugby F\u00e9minin\",\"isPartOf\":{\"@id\":\"https:\\\/\\\/www.anrf-rugby.fr\\\/#website\"},\"datePublished\":\"2024-07-08T10:32:37+00:00\",\"dateModified\":\"2024-12-10T18:08:47+00:00\",\"breadcrumb\":{\"@id\":\"https:\\\/\\\/www.anrf-rugby.fr\\\/index.php\\\/privacy-policy\\\/#breadcrumb\"},\"inLanguage\":\"fr-FR\",\"potentialAction\":[{\"@type\":\"ReadAction\",\"target\":[\"https:\\\/\\\/www.anrf-rugby.fr\\\/index.php\\\/privacy-policy\\\/\"]}]},{\"@type\":\"BreadcrumbList\",\"@id\":\"https:\\\/\\\/www.anrf-rugby.fr\\\/index.php\\\/privacy-policy\\\/#breadcrumb\",\"itemListElement\":[{\"@type\":\"ListItem\",\"position\":1,\"name\":\"Accueil\",\"item\":\"https:\\\/\\\/www.anrf-rugby.fr\\\/\"},{\"@type\":\"ListItem\",\"position\":2,\"name\":\"Mentions l\u00e9gales\"}]},{\"@type\":\"WebSite\",\"@id\":\"https:\\\/\\\/www.anrf-rugby.fr\\\/#website\",\"url\":\"https:\\\/\\\/www.anrf-rugby.fr\\\/\",\"name\":\"Association Nantaise de Rugby F\u00e9minin\",\"description\":\"La passion du rygby au f\u00e9minin\",\"publisher\":{\"@id\":\"https:\\\/\\\/www.anrf-rugby.fr\\\/#organization\"},\"potentialAction\":[{\"@type\":\"SearchAction\",\"target\":{\"@type\":\"EntryPoint\",\"urlTemplate\":\"https:\\\/\\\/www.anrf-rugby.fr\\\/?s={search_term_string}\"},\"query-input\":{\"@type\":\"PropertyValueSpecification\",\"valueRequired\":true,\"valueName\":\"search_term_string\"}}],\"inLanguage\":\"fr-FR\"},{\"@type\":\"Organization\",\"@id\":\"https:\\\/\\\/www.anrf-rugby.fr\\\/#organization\",\"name\":\"ANRF\",\"url\":\"https:\\\/\\\/www.anrf-rugby.fr\\\/\",\"logo\":{\"@type\":\"ImageObject\",\"inLanguage\":\"fr-FR\",\"@id\":\"https:\\\/\\\/www.anrf-rugby.fr\\\/#\\\/schema\\\/logo\\\/image\\\/\",\"url\":\"https:\\\/\\\/www.anrf-rugby.fr\\\/wp-content\\\/uploads\\\/2024\\\/09\\\/ANRF_Logo_contour-e1728571332732.png\",\"contentUrl\":\"https:\\\/\\\/www.anrf-rugby.fr\\\/wp-content\\\/uploads\\\/2024\\\/09\\\/ANRF_Logo_contour-e1728571332732.png\",\"width\":1202,\"height\":1300,\"caption\":\"ANRF\"},\"image\":{\"@id\":\"https:\\\/\\\/www.anrf-rugby.fr\\\/#\\\/schema\\\/logo\\\/image\\\/\"},\"sameAs\":[\"https:\\\/\\\/www.facebook.com\\\/ANRF44\",\"https:\\\/\\\/www.instagram.com\\\/anrf_rugby\\\/\"]}]}<\/script>\n<!-- \/ Yoast SEO plugin. -->","yoast_head_json":{"title":"Mentions l\u00e9gales - ANRF - Association Nantaise de Rugby F\u00e9minin","robots":{"index":"index","follow":"follow","max-snippet":"max-snippet:-1","max-image-preview":"max-image-preview:large","max-video-preview":"max-video-preview:-1"},"canonical":"https:\/\/www.anrf-rugby.fr\/index.php\/privacy-policy\/","og_locale":"fr_FR","og_type":"article","og_title":"Mentions l\u00e9gales - ANRF - Association Nantaise de Rugby F\u00e9minin","og_description":"Mention l\u00e9gales Conform\u00e9ment aux dispositions de la loi n\u00b0 2004-575 du 21 juin 2004 pour la confiance en l&rsquo;\u00e9conomie num\u00e9rique, il est pr\u00e9cis\u00e9 aux utilisateurs du site ANRF l&rsquo;identit\u00e9 des diff\u00e9rents intervenants dans le cadre de sa r\u00e9alisation et de son suivi. Edition du site Le pr\u00e9sent site, accessible \u00e0 l\u2019URL www.anrf-rugby.fr (le \u00ab Site [&hellip;]","og_url":"https:\/\/www.anrf-rugby.fr\/index.php\/privacy-policy\/","og_site_name":"ANRF - Association Nantaise de Rugby F\u00e9minin","article_publisher":"https:\/\/www.facebook.com\/ANRF44","article_modified_time":"2024-12-10T18:08:47+00:00","twitter_card":"summary_large_image","twitter_misc":{"Dur\u00e9e de lecture estim\u00e9e":"1 minute"},"schema":{"@context":"https:\/\/schema.org","@graph":[{"@type":"WebPage","@id":"https:\/\/www.anrf-rugby.fr\/index.php\/privacy-policy\/","url":"https:\/\/www.anrf-rugby.fr\/index.php\/privacy-policy\/","name":"Mentions l\u00e9gales - ANRF - Association Nantaise de Rugby F\u00e9minin","isPartOf":{"@id":"https:\/\/www.anrf-rugby.fr\/#website"},"datePublished":"2024-07-08T10:32:37+00:00","dateModified":"2024-12-10T18:08:47+00:00","breadcrumb":{"@id":"https:\/\/www.anrf-rugby.fr\/index.php\/privacy-policy\/#breadcrumb"},"inLanguage":"fr-FR","potentialAction":[{"@type":"ReadAction","target":["https:\/\/www.anrf-rugby.fr\/index.php\/privacy-policy\/"]}]},{"@type":"BreadcrumbList","@id":"https:\/\/www.anrf-rugby.fr\/index.php\/privacy-policy\/#breadcrumb","itemListElement":[{"@type":"ListItem","position":1,"name":"Accueil","item":"https:\/\/www.anrf-rugby.fr\/"},{"@type":"ListItem","position":2,"name":"Mentions l\u00e9gales"}]},{"@type":"WebSite","@id":"https:\/\/www.anrf-rugby.fr\/#website","url":"https:\/\/www.anrf-rugby.fr\/","name":"Association Nantaise de Rugby F\u00e9minin","description":"La passion du rygby au f\u00e9minin","publisher":{"@id":"https:\/\/www.anrf-rugby.fr\/#organization"},"potentialAction":[{"@type":"SearchAction","target":{"@type":"EntryPoint","urlTemplate":"https:\/\/www.anrf-rugby.fr\/?s={search_term_string}"},"query-input":{"@type":"PropertyValueSpecification","valueRequired":true,"valueName":"search_term_string"}}],"inLanguage":"fr-FR"},{"@type":"Organization","@id":"https:\/\/www.anrf-rugby.fr\/#organization","name":"ANRF","url":"https:\/\/www.anrf-rugby.fr\/","logo":{"@type":"ImageObject","inLanguage":"fr-FR","@id":"https:\/\/www.anrf-rugby.fr\/#\/schema\/logo\/image\/","url":"https:\/\/www.anrf-rugby.fr\/wp-content\/uploads\/2024\/09\/ANRF_Logo_contour-e1728571332732.png","contentUrl":"https:\/\/www.anrf-rugby.fr\/wp-content\/uploads\/2024\/09\/ANRF_Logo_contour-e1728571332732.png","width":1202,"height":1300,"caption":"ANRF"},"image":{"@id":"https:\/\/www.anrf-rugby.fr\/#\/schema\/logo\/image\/"},"sameAs":["https:\/\/www.facebook.com\/ANRF44","https:\/\/www.instagram.com\/anrf_rugby\/"]}]}},"_links":{"self":[{"href":"https:\/\/www.anrf-rugby.fr\/index.php\/wp-json\/wp\/v2\/pages\/3","targetHints":{"allow":["GET"]}}],"collection":[{"href":"https:\/\/www.anrf-rugby.fr\/index.php\/wp-json\/wp\/v2\/pages"}],"about":[{"href":"https:\/\/www.anrf-rugby.fr\/index.php\/wp-json\/wp\/v2\/types\/page"}],"author":[{"embeddable":true,"href":"https:\/\/www.anrf-rugby.fr\/index.php\/wp-json\/wp\/v2\/users\/1"}],"replies":[{"embeddable":true,"href":"https:\/\/www.anrf-rugby.fr\/index.php\/wp-json\/wp\/v2\/comments?post=3"}],"version-history":[{"count":7,"href":"https:\/\/www.anrf-rugby.fr\/index.php\/wp-json\/wp\/v2\/pages\/3\/revisions"}],"predecessor-version":[{"id":1187,"href":"https:\/\/www.anrf-rugby.fr\/index.php\/wp-json\/wp\/v2\/pages\/3\/revisions\/1187"}],"wp:attachment":[{"href":"https:\/\/www.anrf-rugby.fr\/index.php\/wp-json\/wp\/v2\/media?parent=3"}],"wp:term":[{"taxonomy":"folder","embeddable":true,"href":"https:\/\/www.anrf-rugby.fr\/index.php\/wp-json\/wp\/v2\/folder?post=3"}],"curies":[{"name":"wp","href":"https:\/\/api.w.org\/{rel}","templated":true}]}}